ase 16) to base 2
-1010010010111
Convert -100011010000001 (base 2) to base 3.
-220202111
What is -20012110 (base 3) in base 11?
-3440
What is -43036 (base 9) in base 16?
-6f30
Convert 10220210 (base 3) to base 8.
5450
Convert -25160 (base 7) to base 10.
-6608
-121200 (base 3) to base 2
-111000010
What is 2334013 (base 5) in base 15?
cb23
Convert -101110102 (base 3) to base 14.
-2ac9
What is -2d6 (base 14) in base 11?
-488
What is 7293 (base 10) in base 16?
1c7d
Convert -340334 (base 6) to base 12.
-146aa
Convert 173473 (base 8) to base 10.
63291
-16663 (base 8) to base 10
-7603
Convert -313034 (base 5) to base 14.
-3b06
Convert -10011000001 (base 2) to base 12.
-855
22020 (base 4) to base 15
2d3
What is -105004 (base 8) in base 2?
-1000101000000100
Convert 3108 (base 9) to base 6.
14312
-41366 (base 7) to base 13
-4802
Convert 42b (base 16) to base 11.
890
-10001111001 (base 2) to base 13
-6a1
Convert -1000001100001 (base 2) to base 11.
-3172
Convert 424 (base 5) to base 10.
114
Convert 401 (base 8) to base 12.
195
Convert 23446 (base 8) to base 11.
7591
100001001001 (base 2) to base 7
6120
What is 1000000110001 (base 2) in base 14?
1721
What is 1375 (base 9) in base 14?
544
Convert 102110 (base 3) to base 10.
309
What is 117 (base 10) in base 3?
11100
Convert 1464 (base 12) to base 4.
211030
Convert -2572 (base 11) to base 2.
-110100010010
5a25 (base 13) to base 11
9601
What is 2324 (base 13) in base 16?
1343
Convert -1000101010000 (base 2) to base 3.
-20002011
3180 (base 12) to base 14
1d96
What is -11011101100101 (base 2) in base 6?
-145353
17 (base 11) to base 4
102
What is 10100100000 (base 2) in base 8?
2440
Convert 1010200 (base 4) to base 9.
6011
What is 1101000 (base 2) in base 5?
404
213112 (base 4) to base 14
cbc
Convert 36b8 (base 12) to base 10.
6188
2859 (base 14) to base 15
21aa
What is -7059 (base 14) in base 12?
-b1b3
What is 1451 (base 12) in base 14?
c0d
30020 (base 6) to base 8
7474
What is 3a58 (base 12) in base 8?
15044
Convert -27 (base 13) to base 6.
-53
What is 1462 (base 9) in base 2?
10001010101
What is -c35 (base 16) in base 11?
-2391
Convert 111001110 (base 2) to base 5.
3322
What is -483 (base 10) in base 15?
-223
What is 2541 (base 14) in base 4?
1211331
Convert 707 (base 8) to base 5.
3310
1201 (base 5) to base 6
452
Convert 112220012 (base 3) to base 14.
3d59
What is -b40 (base 16) in base 10?
-2880
Convert 133 (base 8) to base 10.
91
Convert 51435 (base 6) to base 16.
1acf
Convert 8855 (base 9) to base 16.
1982
110000110 (base 2) to base 12
286
What is -9889 (base 12) in base 16?
-41a9
Convert -1335 (base 9) to base 4.
-33230
10012110121 (base 3) to base 9
105417
-677a (base 11) to base 12
-51b4
-1b2 (base 16) to base 11
-365
What is 686 (base 11) in base 14?
428
What is e88 (base 16) in base 9?
5083
-48886 (base 10) to base 16
-bef6
What is -3502 (base 6) in base 4?
-30332
What is 15621 (base 8) in base 15?
2157
Convert -12130002 (base 4) to base 3.
-1100011200
What is 1000022001 (base 3) in base 4?
10312330
Convert 230 (base 8) to base 3.
12122
1311231 (base 4) to base 16
1d6d
What is 45 (base 14) in base 3?
2021
-979 (base 10) to base 11
-810
What is -121202001 (base 3) in base 15?
-393a
What is 112101202 (base 3) in base 10?
10496
Convert 10a59 (base 15) to base 8.
147337
872 (base 11) to base 15
49c
Convert -7524 (base 10) to base 16.
-1d64
-3104 (base 7) to base 14
-574
-149a (base 11) to base 16
-784
-15103 (base 6) to base 3
-10022110
What is 222121 (base 4) in base 6?
20321
What is -734 (base 10) in base 16?
-2de
-72 (base 10) to base 3
-2200
What is -1201 (base 5) in base 10?
-176
What is -22100 (base 3) in base 8?
-341
What is 6214 (base 7) in base 12?
1307
Convert -10000001011111 (base 2) to base 6.
-102211
What is 22451 (base 6) in base 10?
3199
-3601 (base 11) to base 16
-1270
Convert 1633c (base 14) to base 10.
55522
Convert 102 (base 16) to base 10.
258
What is -2121222202 (base 3) in base 9?
-77882
Convert -10021 (base 4) to base 6.
-1121
-42554 (base 6) to base 9
-7887
-23010 (base 8) to base 12
-5774
What is -101101011000110 (base 2) in base 3?
-1011212200
2345 (base 9) to base 3
2101112
Convert -1148 (base 11) to base 5.
-22004
Convert -1600 (base 9) to base 10.
-1215
622 (base 8) to base 10
402
Convert -1111 (base 2) to base 13.
-12
What is 139 (base 11) in base 15?
ad
What is -1121311 (base 5) in base 7?
-112624
4035 (base 10) to base 7
14523
-10010110100 (base 2) to base 7
-3340
What is -103000 (base 5) in base 6?
-24112
What is f1 (base 16) in base 13?
157
Convert -1350 (base 8) to base 6.
-3240
-111110001100 (base 2) to base 6
-30232
What is -35304 (base 10) in base 9?
-53376
Convert -4350 (base 8) to base 9.
-3113
111100101100111 (base 2) to base 7
156416
-2139 (base 11) to base 3
-10212122
555 (base 7) to base 12
1b9
What is 28323 (base 13) in base 16?
125e2
What is 366 (base 11) in base 2?
110110011
Convert -12855 (base 11) to base 3.
-221010221
Convert 3657 (base 13) to base 11.
584a
Convert 111200001 (base 3) to base 4.
2123230
-3330111 (base 4) to base 3
-211011010
50064 (base 7) to base 4
2330103
What is 32a3 (base 12) in base 14?
2079
-23a (base 13) to base 5
-3022
Convert 1451 (base 8) to base 6.
3425
1000 (base 5) to base 4
1331
-133431 (base 7) to base 10
-25257
-2246 (base 10) to base 16
-8c6
Convert -1875 (base 9) to base 8.
-2645
Convert 145370 (base 8) to base 3.
2122021110
d07 (base 14) to base 6
15455
What is -b3 (base 16) in base 8?
-263
Convert -333 (base 7) to base 15.
-b6
Convert -586 (base 16) to base 7.
-4060
c5b9 (base 15) to base 9
63303
What is 210010 (base 4) in base 2?
100100000100
-379 (base 16) to base 9
-1187
Convert 26533 (base 7) to base 14.
2853
Convert 12d (base 15) to base 12.
1a4
Convert 11111110100001 (base 2) to base 4.
3332201
What is -10001011 (base 2) in base 14?
-9d
What is 1573 (base 8) in base 16?
37b
What is -4036 (base 8) in base 2?
-100000011110
What is -1228 (base 13) in base 5?
-40234
-221000021 (base 3) to base 13
-83b6
Convert 686 (base 9) to base 3.
202220
What is -5981 (base 10) in base 2?
-1011101011101
What is -555 (base 6) in base 3?
-21222
Convert -10347 (base 13) to base 3.
-1110221210
Convert -5125 (base 6) to base 14.
-5ad
What is -3660 (base 8) in base 4?
-132300
What is -4759 (base 14) in base 10?
-12427
c86 (base 15) to base 4
230022
Convert 1723 (base 11) to base 6.
14111
Convert 22102011 (base 3) to base 8.
13765
Convert 70760 (base 8) to base 2.
111000111110000
Convert 57637 (base 9) to base 4.
21120130
1311 (base 4) to base 11
a7
Convert -100100110111101 (base 2) to base 6.
-223221
Convert -671 (base 8) to base 3.
-121100
Convert 2603 (base 11) to base 4.
310333
Convert -11111121 (base 3) to base 4.
-303103
What is -276 (base 12) in base 7?
-1050
Convert -1016 (base 8) to base 11.
-439
What is -644 (base 8) in base 11?
-352
Convert -12dd0 (base 15) to base 4.
-32301033
What is 34364 (base 7) in base 2?
10001001000000
-91c (base 14) to base 16
-6fe
Convert -620 (base 7) to base 13.
-1a9
435654 (base 7) to base 3
10212220120
What is -450 (base 13) in base 5?
-10431
Convert 1111 (base 6) to base 10.
259
What is -20b (base 12) in base 15?
-14e
Convert 11111010100010 (base 2) to base 15.
4b3e
What is 10205 (base 6) in base 15?
618
What is -200122 (base 3) in base 4?
-13313
What is -2144 (base 7) in base 4?
-23333
What is -9098 (base 11) in base 7?
-50144
Convert 954 (base 11) to base 15.
518
Convert -427 (base 11) to base 9.
-630
What is -15d3 (base 14) in base 9?
-5323
Convert 730 (base 10) to base 13.
442
-10a0 (base 11) to base 7
-4126
What is -703 (base 8) in base 13?
-289
Convert 15338 (base 12) to base 15.
8ca2
Convert 13241 (base 6) to base 4.
133321
Convert 28a (base 14) to base 13.
307
-1839 (base 12) to base 10
-2925
-122223 (base 6) to base 8
-25207
What is -233133 (base 4) in base 3?
-11011120
What is 9a8 (base 14) in base 2?
11101111000
Convert 292 (base 12) to base 14.
206
Convert 102311 (base 5) to base 6.
24000
What is -52210 (base 6) in base 10?
-6990
74c (base 13) to base 3
1201012
-121 (base 15) to base 14
-144
Convert -13110 (base 4) to base 12.
-330
1974 (base 10) to base 3
2201010
-110011000 (base 2) to base 11
-341
What is -543 (base 11) in base 10?
-652
Convert 110231 (base 4) to base 7.
3602
31